{"id":8658,"date":"2025-01-03T12:45:40","date_gmt":"2025-01-03T15:45:40","guid":{"rendered":"https:\/\/muniovalle.cl\/sitio\/?page_id=8658"},"modified":"2026-04-06T16:35:07","modified_gmt":"2026-04-06T20:35:07","slug":"beca-concejo-municipal","status":"publish","type":"page","link":"https:\/\/muniovalle.cl\/sitio\/servicios\/beca-concejo-municipal\/","title":{"rendered":"Beca Concejo Municipal 2026"},"content":{"rendered":"\t\t<div data-elementor-type=\"wp-page\" data-elementor-id=\"8658\" class=\"elementor elementor-8658\">\n\t\t\t\t<div class=\"elementor-element elementor-element-f8c7aa4 e-con-full e-flex wpr-particle-no wpr-jarallax-no wpr-parallax-no wpr-sticky-section-no e-con e-parent\" data-id=\"f8c7aa4\" data-element_type=\"container\">\n\t\t\t\t<div class=\"elementor-element elementor-element-9efe1d2 elementor-widget elementor-widget-whitehall_about_services\" data-id=\"9efe1d2\" data-element_type=\"widget\" data-widget_type=\"whitehall_about_services.default\">\n\t\t\t\t<div class=\"elementor-widget-container\">\n\t\t\t\t\t        \n        <!-- about-style-four -->\n        <div class=\"row\">\n        <section class=\"about-style-four sec-pad\">\n          \n            <div class=\"auto-container\">\n                <div class=\"row clearfix\">\n                    <div class=\"col-lg-8 col-md-12 col-sm-12 content-column\">\n                        <div class=\"content_block_6\">\n                            <div class=\"content-box\">\n                                <div class=\"sec-title\">\n\t\t\t\t\t\t\t\t\t\t\t\t\t\t\t\t\t\t\n                                    \t\t\t\t\t\t\t\t\t<h2>Beca Concejo Municipal 2026<\/h2>\n                                    <div class=\"title-shape\"><\/div>\n\t\t\t\t\t\t\t\t\t                                <\/div>\n                                <div class=\"text\">\n                                    <p>La Beca es una ayuda econ\u00f3mica que otorga la Municipalidad de Ovalle a J\u00f3venes con Excelencia Acad\u00e9mica, Art\u00edstica y\/o Deportiva que cursen Ense\u00f1anza Media y\/o Superior, como tambi\u00e9n para aquellos j\u00f3venes en Situaci\u00f3n de Discapacidad que cursen Ense\u00f1anza Superior.\n\nPodr\u00e1n postular todos los alumnos (as) con residencia en la Comuna de Ovalle, que presenten Excelencia Acad\u00e9mica , precaria situaci\u00f3n Socioecon\u00f3mica y que se encuentren cursando la Ense\u00f1anza Media en Establecimientos Municipales o Particulares Subvencionados de la Comuna de Ovalle, como as\u00ed mismo, quienes est\u00e9n estudiando Educaci\u00f3n Superior en cualquier Centro de Estudios, sean estos regulados por el Consejo de Rectores y\/o Carreras Acreditadas, Institutos Profesionales o Centros de Formaci\u00f3n T\u00e9cnica.<br><br>\n\nMonto Anual de este beneficio: $500.000. (Pago en 2 Cuotas)<br><br>\n\nLas modalidades de las Becas Concejo Municipal, ser\u00e1n las siguientes:<\/p>\n                                <\/div>\n                                <div class=\"inner-box clearfix\">\n                                    <div class=\"left-column pull-left\" style=\"width:100%\">\n\t\t\t\t\t\t\t\t\t\t                                        <div class=\"single-item\">\n                                            <div class=\"icon-box\"><i class=\"flaticon-double-tick-indicator\"><\/i><\/div>\n                                            <h6><\/h6>\n                                            <h4>BECA EXCELENCIA ACAD\u00c9MICA.<\/h4>\n                                        <\/div>\n                                                                                <div class=\"single-item\">\n                                            <div class=\"icon-box\"><i class=\"flaticon-double-tick-indicator\"><\/i><\/div>\n                                            <h6><\/h6>\n                                            <h4>BECA EXCELENCIA A LAS ARTES Y LITERATURA INDIVIDUAL.<\/h4>\n                                        <\/div>\n                                                                                <div class=\"single-item\">\n                                            <div class=\"icon-box\"><i class=\"flaticon-double-tick-indicator\"><\/i><\/div>\n                                            <h6><\/h6>\n                                            <h4>BECA EXCELENCIA AL DEPORTE INDIVIDUAL.<\/h4>\n                                        <\/div>\n                                                                                <div class=\"single-item\">\n                                            <div class=\"icon-box\"><i class=\"flaticon-double-tick-indicator\"><\/i><\/div>\n                                            <h6><\/h6>\n                                            <h4>BECA EXCELENCIA PARA ESTUDIANTES EN SITUACI\u00d3N DE DISCAPACIDAD.<\/h4>\n                                        <\/div>\n                                                                                <div class=\"single-item\">\n                                            <div class=\"icon-box\"><i class=\"flaticon-double-tick-indicator\"><\/i><\/div>\n                                            <h6><\/h6>\n                                            <h4>BONO CONCEJO MUNICIPAL<\/h4>\n                                        <\/div>\n                                                                            <\/div>\n                                    \n                                <\/div>\n\t\t\t\t\t\t\t\t\n\t\t\t\t\t\t\t\t                            <\/div>\n                        <\/div>\n                    <\/div>\n                    <div class=\"col-lg-4 col-md-12 col-sm-12 content-column\">\n                        <div class=\"content_block_7\">\n                            <div class=\"content-box\">\n                                <div class=\"left-column\">\n                                    <div class=\"inner centred\">\n                                        <div class=\"icon-box\"><i class=\"icon flaticon-award\"><\/i><\/div>\n                                        <h6><\/h6>\n                                        <h4><\/h4>\n                                    <\/div>\n\t\t\t\t\t\t\t\t\t\n\t\t\t\t\t\t\t\t\t                                    <ul class=\"list clearfix\">\n                                        \t\t\t\t\t\t\t\t\t\t<li>Comienzo proceso de postulaci\u00f3n 09 de Marzo al 31 de Marzo 2026 y renovaci\u00f3n del 06 de Abril al 30 de Abril del 2026.<\/li>\n\t\t\t\t\t\t\t\t\t\t                                    <\/ul>\n\t\t\t\t\t\t\t\t\t                                <\/div>\n\n                            <\/div>\n                        <\/div>\n                    <\/div>\n                <\/div>\n            <\/div>\n          \n        <\/section>\n        <\/div>\n        <!-- about-style-four end -->\n\n        \t\t\t\t<\/div>\n\t\t\t\t<\/div>\n\t\t\t\t<\/div>\n\t\t<div class=\"elementor-element elementor-element-9fdfa25 e-grid e-con-boxed wpr-particle-no wpr-jarallax-no wpr-parallax-no wpr-sticky-section-no e-con e-parent\" data-id=\"9fdfa25\" data-element_type=\"container\">\n\t\t\t\t\t<div class=\"e-con-inner\">\n\t\t\t\t<div class=\"elementor-element elementor-element-c84bdc0 elementor-widget elementor-widget-spacer\" data-id=\"c84bdc0\" data-element_type=\"widget\" data-widget_type=\"spacer.default\">\n\t\t\t\t<div class=\"elementor-widget-container\">\n\t\t\t\t\t\t\t<div class=\"elementor-spacer\">\n\t\t\t<div class=\"elementor-spacer-inner\"><\/div>\n\t\t<\/div>\n\t\t\t\t\t\t<\/div>\n\t\t\t\t<\/div>\n\t\t\t\t\t<\/div>\n\t\t\t\t<\/div>\n\t\t<div class=\"elementor-element elementor-element-373bfc4 e-flex e-con-boxed wpr-particle-no wpr-jarallax-no wpr-parallax-no wpr-sticky-section-no e-con e-parent\" data-id=\"373bfc4\" data-element_type=\"container\">\n\t\t\t\t\t<div class=\"e-con-inner\">\n\t\t\t\t<div class=\"elementor-element elementor-element-5ccfc29 elementor-widget elementor-widget-text-editor\" data-id=\"5ccfc29\" data-element_type=\"widget\" data-widget_type=\"text-editor.default\">\n\t\t\t\t<div class=\"elementor-widget-container\">\n\t\t\t\t\t\t\t\t\t<div class=\"alert alert-danger\"><span style=\"font-size: 14pt;\"><strong>PARA TODAS LAS POSTULACIONES Y RENOVACIONES DEBEN IR ADJUNTO LOS DOCUMENTOS SOLICITADOS Y EL REGISTRO SOCIAL DE HOGARES DEL POSTULANTE (DECLARACI\u00d3N GASTOS MENSUALES) Y (DECLARACI\u00d3N DE PENSI\u00d3N DE ALIMENTOS)<\/strong><\/span><\/div><div>\u00a0<\/div>\t\t\t\t\t\t\t\t<\/div>\n\t\t\t\t<\/div>\n\t\t\t\t\t<\/div>\n\t\t\t\t<\/div>\n\t\t<div class=\"elementor-element elementor-element-c4d7bd4 e-flex e-con-boxed wpr-particle-no wpr-jarallax-no wpr-parallax-no wpr-sticky-section-no e-con e-parent\" data-id=\"c4d7bd4\" data-element_type=\"container\">\n\t\t\t\t\t<div class=\"e-con-inner\">\n\t\t\t\t<div class=\"elementor-element elementor-element-3751b36 elementor-widget elementor-widget-whitehall_recent_documents_v1\" data-id=\"3751b36\" data-element_type=\"widget\" data-widget_type=\"whitehall_recent_documents_v1.default\">\n\t\t\t\t<div class=\"elementor-widget-container\">\n\t\t\t\t\t        \n        <!-- explore-banner -->\n        <div class=\"explore-banner bg-color-1\">\n            <div class=\"auto-container\">\n                <div class=\"inner-container clearfix\">\n                    <div class=\"single-item\">\n                        <div class=\"title-box\">\n                            <h3>Descargas documentos <\/h3>\n                            <p><\/p>\n                        <\/div>\n                    <\/div>\n\t\t\t\t\t\n\t\t\t\t\t                    <div class=\"single-item\">\n                        <div class=\"inner-box\">\n                            <figure class=\"icon-box\"><img decoding=\"async\" src=\"https:\/\/muniovalle.cl\/sitio\/wp-content\/uploads\/2024\/06\/carpeta.png\" alt=\"Icon Image\"><\/figure>\n                            <h4>Declaraci\u00f3n de pensi\u00f3n de alimentos<\/h4>\n                            <p><a href=\"https:\/\/muniovalle.cl\/sitio\/wp-content\/uploads\/2026\/03\/3.Declaracion-pension-de-alimentos1_26.pdf\">Descargar<\/a><\/p>\n                        <\/div>\n                    <\/div>\n                                        <div class=\"single-item\">\n                        <div class=\"inner-box\">\n                            <figure class=\"icon-box\"><img decoding=\"async\" src=\"https:\/\/muniovalle.cl\/sitio\/wp-content\/uploads\/2024\/06\/carpeta.png\" alt=\"Icon Image\"><\/figure>\n                            <h4>Declaraci\u00f3n de pensi\u00f3n de alimentos<\/h4>\n                            <p><a href=\"https:\/\/muniovalle.cl\/sitio\/wp-content\/uploads\/2026\/03\/4.Declaracion-pension-de-alimentos-2_26.pdf\">Descargar<\/a><\/p>\n                        <\/div>\n                    <\/div>\n                                        <div class=\"single-item\">\n                        <div class=\"inner-box\">\n                            <figure class=\"icon-box\"><img decoding=\"async\" src=\"https:\/\/muniovalle.cl\/sitio\/wp-content\/uploads\/2024\/06\/carpeta.png\" alt=\"Icon Image\"><\/figure>\n                            <h4>Declaraci\u00f3n  de gastos de los documentos<\/h4>\n                            <p><a href=\"https:\/\/muniovalle.cl\/sitio\/wp-content\/uploads\/2026\/03\/DECLARACION-GASTOS-MENSUALES-1.doc\">Descargar<\/a><\/p>\n                        <\/div>\n                    <\/div>\n                                    <\/div>\n            <\/div>\n        <\/div>\n        <!-- explore-banner end -->\n\n        \t\t\t\t<\/div>\n\t\t\t\t<\/div>\n\t\t\t\t\t<\/div>\n\t\t\t\t<\/div>\n\t\t<div class=\"elementor-element elementor-element-6f5aa6b e-grid e-con-boxed wpr-particle-no wpr-jarallax-no wpr-parallax-no wpr-sticky-section-no e-con e-parent\" data-id=\"6f5aa6b\" data-element_type=\"container\">\n\t\t\t\t\t<div class=\"e-con-inner\">\n\t\t\t\t<div class=\"elementor-element elementor-element-c206c6a e-transform elementor-widget elementor-widget-whitehall_about_our_government\" data-id=\"c206c6a\" data-element_type=\"widget\" data-settings=\"{&quot;_transform_scale_effect_hover&quot;:{&quot;unit&quot;:&quot;px&quot;,&quot;size&quot;:1.2,&quot;sizes&quot;:[]},&quot;_transform_scale_effect_hover_tablet&quot;:{&quot;unit&quot;:&quot;px&quot;,&quot;size&quot;:&quot;&quot;,&quot;sizes&quot;:[]},&quot;_transform_scale_effect_hover_mobile&quot;:{&quot;unit&quot;:&quot;px&quot;,&quot;size&quot;:&quot;&quot;,&quot;sizes&quot;:[]}}\" data-widget_type=\"whitehall_about_our_government.default\">\n\t\t\t\t<div class=\"elementor-widget-container\">\n\t\t\t\t\t        \n        <!-- feature-section -->\n        <section class=\"feature-section sec-pad\" style=\"background-image: url();\">\n            <div class=\"auto-container\">\n                <div class=\"sec-title centred\">\n\t\t\t\t\t\n\t\t\t\t\t\t\t\t\t\t<h2>\n\n<a href=\"https:\/\/docs.google.com\/forms\/d\/e\/1FAIpQLScrAfjkuPdDRvBcRvqUhhhmWB14umI4txC4uIKdQHiZC19aUw\/viewform\" class=\"boton-transito \" data-bs-toggle=\"modal\" data-bs-target=\"#becamodal\">Renueva Aqu\u00ed <i class=\"fa fa-hand-o-up\" style=\"font-size:32px\"><\/i><\/a>\n\n\n\n<\/h2>\n\t\t\t\t\t<div class=\"title-shape\"><\/div>\n\t\t\t\t\t                <\/div>\n                <div class=\"row clearfix\">\n                                    <\/div>\n            <\/div>\n        <\/section>\n        <!-- feature-section end -->\n\n        \t\t\t\t<\/div>\n\t\t\t\t<\/div>\n\t\t\t\t<div class=\"elementor-element elementor-element-a32df1e elementor-widget elementor-widget-html\" data-id=\"a32df1e\" data-element_type=\"widget\" data-widget_type=\"html.default\">\n\t\t\t\t<div class=\"elementor-widget-container\">\n\t\t\t\t\t<style>\n    \n    .boton-transito{\n    background: #006bb0;\n    padding-left: 10px;\n    padding-right: 10px;\n    padding-top:  10px;\n    padding-bottom: 10px;\n    border-radius: 5px;\n;\n    color: white;\n}\n.boton-transito:hover {\nbackground-color: #5b5bee;\ncolor: white;\n\n}\n\n.card-header{\n    \nbackground: #3232B2;    \n    \n}\n.card{\n    border-radius: 15px;\n}\n    \n<\/style>\n\n<link rel=\"stylesheet\" href=\"https:\/\/cdnjs.cloudflare.com\/ajax\/libs\/font-awesome\/4.7.0\/css\/font-awesome.min.css\">\n\n<div class=\"blog-sidebar\">\n<h5 class=\"card-header\"><\/h5>\n\t\t<div id=\"whitehall_contact_info-4\" class=\"widget sidebar-widget single-sidebar widget_whitehall_contact_info\">        \n\t\t\t<div class=\"contact-widget\">\n\t\t\t\t<div class=\"widget-title\"><h3>BECA EXCELENCIA ACADEMICA.<\/h3><\/div>\t\t\t<div class=\"widget-content\">\n\t\t\t\t\t<ul class=\"info clearfix\">\n\t\t\t\t\t\t\t\t\t\t\t<li>\n\t\t\t\t\t\t\t<h5><i class=\"fa fa-file-pdf-o\" style=\"font-size:20px\"><\/i>&nbsp;&nbsp;Descargue Requisitos aqu\u00ed.<\/h5>\n\t\t\t\t\t\t\t\n\t\t\t\t\t\t<\/li>\n\t\t\t\t\t\t<a href=\"https:\/\/muniovalle.cl\/sitio\/wp-content\/uploads\/2026\/03\/BECA-A-LA-EXCELENCIA-ACADEMICA.docx\" target=\"_blank\" class=\"boton-transito\">Descargar <i class=\"fa fa-download\" style=\"font-size:24px\"><\/i><\/a>\n\t\t\t\t\t\t\t\t\t\t\n\t\t\t\t\t\t\t\t\t\t<\/ul>\n\t\t\t\t<\/div>\n\t\t\t<\/div>\n\t\t<\/div>\n\n<\/div>\n\n\t\t\t\t<\/div>\n\t\t\t\t<\/div>\n\t\t\t\t<div class=\"elementor-element elementor-element-3afd727 elementor-widget elementor-widget-html\" data-id=\"3afd727\" data-element_type=\"widget\" data-widget_type=\"html.default\">\n\t\t\t\t<div class=\"elementor-widget-container\">\n\t\t\t\t\t<style>\n    \n    .boton-transito{\n    background: #006bb0;\n    padding-left: 10px;\n    padding-right: 10px;\n    padding-top:  10px;\n    padding-bottom: 10px;\n    border-radius: 5px;\n;\n    color: white;\n}\n.boton-transito:hover {\nbackground-color: #5b5bee;\ncolor: white;\n\n}\n\n.card-header{\n    \nbackground: #3232B2;    \n    \n}\n.card{\n    border-radius: 15px;\n}\n    \n<\/style>\n\n<link rel=\"stylesheet\" href=\"https:\/\/cdnjs.cloudflare.com\/ajax\/libs\/font-awesome\/4.7.0\/css\/font-awesome.min.css\">\n\n<div class=\"blog-sidebar\">\n<h5 class=\"card-header\"><\/h5>\n\t\t<div id=\"whitehall_contact_info-4\" class=\"widget sidebar-widget single-sidebar widget_whitehall_contact_info\">        \n\t\t\t<div class=\"contact-widget\">\n\t\t\t\t<div class=\"widget-title\"><h3>BECA EXCELENCIA A LAS ARTES Y LITERATURA INDIVIDUAL.<\/h3><\/div>\t\t\t<div class=\"widget-content\">\n\t\t\t\t\t<ul class=\"info clearfix\">\n\t\t\t\t\t\t\t\t\t\t\t<li>\n\t\t\t\t\t\t\t<h5><i class=\"fa fa-file-pdf-o\" style=\"font-size:20px\"><\/i>&nbsp;&nbsp;Descargue Requisitos aqu\u00ed..<\/h5>\n\t\t\t\t\t\t\t\n\t\t\t\t\t\t<\/li>\n\t\t\t\t\t\t<a href=\"https:\/\/muniovalle.cl\/sitio\/wp-content\/uploads\/2026\/03\/BECA-A-LA-EXCELENCIA-A-LAS-ARTES-Y-LITERATURA-1.docx\" target=\"_blank\" class=\"boton-transito\">Descargar <i class=\"fa fa-download\" style=\"font-size:24px\"><\/i><\/a>\n\t\t\t\t\t\t\t\t\t\t\n\t\t\t\t\t\t\t\t\t\t<\/ul>\n\t\t\t\t<\/div>\n\t\t\t<\/div>\n\t\t<\/div>\n\n<\/div>\n\n\t\t\t\t<\/div>\n\t\t\t\t<\/div>\n\t\t\t\t<div class=\"elementor-element elementor-element-3c67ddb elementor-widget elementor-widget-html\" data-id=\"3c67ddb\" data-element_type=\"widget\" data-widget_type=\"html.default\">\n\t\t\t\t<div class=\"elementor-widget-container\">\n\t\t\t\t\t<style>\n    \n    .boton-transito{\n    background: #006bb0;\n    padding-left: 10px;\n    padding-right: 10px;\n    padding-top:  10px;\n    padding-bottom: 10px;\n    border-radius: 5px;\n;\n    color: white;\n}\n.boton-transito:hover {\nbackground-color: #5b5bee;\ncolor: white;\n\n}\n\n.card-header{\n    \nbackground: #006bb0;    \n    \n}\n.card{\n    border-radius: 15px;\n}\n    \n<\/style>\n\n<link rel=\"stylesheet\" href=\"https:\/\/cdnjs.cloudflare.com\/ajax\/libs\/font-awesome\/4.7.0\/css\/font-awesome.min.css\">\n\n<div class=\"blog-sidebar\">\n<h5 class=\"card-header\"><\/h5>\n\t\t<div id=\"whitehall_contact_info-4\" class=\"widget sidebar-widget single-sidebar widget_whitehall_contact_info\">        \n\t\t\t<div class=\"contact-widget\">\n\t\t\t\t<div class=\"widget-title\"><h3>BECA EXCELENCIA AL DEPORTE INDIVIDUAL.<\/h3><\/div>\t\t\t<div class=\"widget-content\">\n\t\t\t\t\t<ul class=\"info clearfix\">\n\t\t\t\t\t\t\t\t\t\t\t<li>\n\t\t\t\t\t\t\t<h5><i class=\"fa fa-file-pdf-o\" style=\"font-size:20px\"><\/i>&nbsp;&nbsp;Descargue Requisitos aqu\u00ed.<\/h5>\n\t\t\t\t\t\t\t\n\t\t\t\t\t\t<\/li>\n\t\t\t\t\t\t<a href=\"https:\/\/muniovalle.cl\/sitio\/wp-content\/uploads\/2026\/03\/BECA-A-LA-EXCELENCIA-EN-EL-DEPORTE-INDIVIDUAL.docx\" target=\"_blank\" class=\"boton-transito\">Descargar <i class=\"fa fa-download\" style=\"font-size:24px\"><\/i><\/a>\n\t\t\t\t\t\t\t\t\t\t\n\t\t\t\t\t\t\t\t\t\t<\/ul>\n\t\t\t\t<\/div>\n\t\t\t<\/div>\n\t\t<\/div>\n\n<\/div>\n\n\t\t\t\t<\/div>\n\t\t\t\t<\/div>\n\t\t\t\t<div class=\"elementor-element elementor-element-e1a09e3 elementor-widget elementor-widget-html\" data-id=\"e1a09e3\" data-element_type=\"widget\" data-widget_type=\"html.default\">\n\t\t\t\t<div class=\"elementor-widget-container\">\n\t\t\t\t\t<style>\n    \n    .boton-transito{\n    background: #006bb0;\n    padding-left: 10px;\n    padding-right: 10px;\n    padding-top:  10px;\n    padding-bottom: 10px;\n    border-radius: 5px;\n;\n    color: white;\n}\n.boton-transito:hover {\nbackground-color: #5b5bee;\ncolor: white;\n\n}\n\n.card-header{\n    \nbackground: #006bb0;    \n    \n}\n.card{\n    border-radius: 15px;\n}\n    \n<\/style>\n\n<link rel=\"stylesheet\" href=\"https:\/\/cdnjs.cloudflare.com\/ajax\/libs\/font-awesome\/4.7.0\/css\/font-awesome.min.css\">\n\n<div class=\"blog-sidebar\">\n<h5 class=\"card-header\"><\/h5>\n\t\t<div id=\"whitehall_contact_info-4\" class=\"widget sidebar-widget single-sidebar widget_whitehall_contact_info\">        \n\t\t\t<div class=\"contact-widget\">\n\t\t\t\t<div class=\"widget-title\"><h3>BECA EXCELENCIA PARA ESTUDIANTES EN SITUACION DE DISCAPACIDAD.<\/h3><\/div>\t\t\t<div class=\"widget-content\">\n\t\t\t\t\t<ul class=\"info clearfix\">\n\t\t\t\t\t\t\t\t\t\t\t<li>\n\t\t\t\t\t\t\t<h5><i class=\"fa fa-file-pdf-o\" style=\"font-size:20px\"><\/i>&nbsp;&nbsp;Descargue Requisitos aqu\u00ed.<\/h5>\n\t\t\t\t\t\t\t\n\t\t\t\t\t\t<\/li>\n\t\t\t\t\t\t<a href=\"https:\/\/muniovalle.cl\/sitio\/wp-content\/uploads\/2026\/03\/BECA-PARA-ESTUDIANTES-EN-SITUACION-DE-DISCAPACIDAD-1.docx\" target=\"_blank\" class=\"boton-transito\">Descargar <i class=\"fa fa-download\" style=\"font-size:24px\"><\/i><\/a>\n\t\t\t\t\t\t\t\t\t\t\n\t\t\t\t\t\t\t\t\t\t<\/ul>\n\t\t\t\t<\/div>\n\t\t\t<\/div>\n\t\t<\/div>\n\n<\/div>\n\n\t\t\t\t<\/div>\n\t\t\t\t<\/div>\n\t\t\t\t\t<\/div>\n\t\t\t\t<\/div>\n\t\t\t\t<\/div>\n\t\t","protected":false},"excerpt":{"rendered":"<p>Beca Concejo Municipal 2026 La Beca es una ayuda econ\u00f3mica que otorga la Municipalidad de Ovalle a J\u00f3venes con Excelencia Acad\u00e9mica, Art\u00edstica y\/o Deportiva que cursen Ense\u00f1anza Media y\/o Superior, como tambi\u00e9n para aquellos j\u00f3venes en Situaci\u00f3n de Discapacidad que cursen Ense\u00f1anza Superior. Podr\u00e1n postular todos los alumnos (as) con residencia en la Comuna de Ovalle, que presenten Excelencia Acad\u00e9mica , precaria situaci\u00f3n Socioecon\u00f3mica y que se encuentren cursando la Ense\u00f1anza Media en Establecimientos Municipales o Particulares Subvencionados de la Comuna de Ovalle, como as\u00ed mismo, quienes est\u00e9n estudiando Educaci\u00f3n Superior en cualquier Centro de Estudios, sean estos regulados por el Consejo de Rectores y\/o Carreras Acreditadas, Institutos Profesionales o Centros de Formaci\u00f3n T\u00e9cnica. Monto Anual de este beneficio: $500.000. (Pago en 2 Cuotas) Las modalidades de las Becas Concejo Municipal, ser\u00e1n las siguientes: BECA EXCELENCIA ACAD\u00c9MICA. BECA EXCELENCIA A LAS ARTES Y LITERATURA INDIVIDUAL. BECA EXCELENCIA AL DEPORTE INDIVIDUAL. BECA EXCELENCIA PARA ESTUDIANTES EN SITUACI\u00d3N DE DISCAPACIDAD. BONO CONCEJO MUNICIPAL Comienzo proceso de postulaci\u00f3n 09 de Marzo al 31 de Marzo 2026 y renovaci\u00f3n del 06 de Abril al 30 de Abril del 2026. PARA TODAS LAS POSTULACIONES Y RENOVACIONES DEBEN IR ADJUNTO LOS DOCUMENTOS SOLICITADOS Y EL REGISTRO SOCIAL DE HOGARES DEL POSTULANTE (DECLARACI\u00d3N GASTOS MENSUALES) Y (DECLARACI\u00d3N DE PENSI\u00d3N DE ALIMENTOS)\u00a0 Descargas documentos Declaraci\u00f3n de pensi\u00f3n de alimentos Descargar Declaraci\u00f3n de pensi\u00f3n de alimentos Descargar Declaraci\u00f3n de gastos de los documentos Descargar Renueva Aqu\u00ed BECA EXCELENCIA ACADEMICA. &nbsp;&nbsp;Descargue Requisitos aqu\u00ed. Descargar BECA EXCELENCIA A LAS ARTES Y LITERATURA INDIVIDUAL. &nbsp;&nbsp;Descargue Requisitos aqu\u00ed.. Descargar BECA EXCELENCIA AL DEPORTE INDIVIDUAL. &nbsp;&nbsp;Descargue Requisitos aqu\u00ed. Descargar BECA EXCELENCIA PARA ESTUDIANTES EN SITUACION DE DISCAPACIDAD. &nbsp;&nbsp;Descargue Requisitos aqu\u00ed. Descargar<\/p>\n","protected":false},"author":1,"featured_media":0,"parent":3276,"menu_order":0,"comment_status":"closed","ping_status":"closed","template":"","meta":{"_vp_format_video_url":"","_vp_image_focal_point":[],"footnotes":""},"class_list":["post-8658","page","type-page","status-publish","hentry"],"_links":{"self":[{"href":"https:\/\/muniovalle.cl\/sitio\/wp-json\/wp\/v2\/pages\/8658","targetHints":{"allow":["GET"]}}],"collection":[{"href":"https:\/\/muniovalle.cl\/sitio\/wp-json\/wp\/v2\/pages"}],"about":[{"href":"https:\/\/muniovalle.cl\/sitio\/wp-json\/wp\/v2\/types\/page"}],"author":[{"embeddable":true,"href":"https:\/\/muniovalle.cl\/sitio\/wp-json\/wp\/v2\/users\/1"}],"replies":[{"embeddable":true,"href":"https:\/\/muniovalle.cl\/sitio\/wp-json\/wp\/v2\/comments?post=8658"}],"version-history":[{"count":235,"href":"https:\/\/muniovalle.cl\/sitio\/wp-json\/wp\/v2\/pages\/8658\/revisions"}],"predecessor-version":[{"id":11880,"href":"https:\/\/muniovalle.cl\/sitio\/wp-json\/wp\/v2\/pages\/8658\/revisions\/11880"}],"up":[{"embeddable":true,"href":"https:\/\/muniovalle.cl\/sitio\/wp-json\/wp\/v2\/pages\/3276"}],"wp:attachment":[{"href":"https:\/\/muniovalle.cl\/sitio\/wp-json\/wp\/v2\/media?parent=8658"}],"curies":[{"name":"wp","href":"https:\/\/api.w.org\/{rel}","templated":true}]}}