{"id":2006,"date":"2024-05-14T09:32:21","date_gmt":"2024-05-14T13:32:21","guid":{"rendered":"https:\/\/muniovalle.cl\/sitio\/?page_id=2006"},"modified":"2025-01-08T17:22:05","modified_gmt":"2025-01-08T20:22:05","slug":"departamento-de-educacion-municipal-dem","status":"publish","type":"page","link":"https:\/\/muniovalle.cl\/sitio\/departamento-de-educacion-municipal-dem\/","title":{"rendered":"Departamento de Educaci\u00f3n Municipal (DEM)"},"content":{"rendered":"<p>[vc_row][vc_column width=\u00bb1\/4&#8243;][vc_widget_sidebar title=\u00bbDepartamentos\u00bb sidebar_id=\u00bbdepartment-sidebar\u00bb][\/vc_column][vc_column width=\u00bb3\/4&#8243;][vc_column_text]<\/p>\n<h3>Departamento de Educaci\u00f3n<\/h3>\n<p><script src=\"https:\/\/cdn.jsdelivr.net\/npm\/bootstrap@5.3.3\/dist\/js\/bootstrap.bundle.min.js\"><\/script><\/p>\n<div class=\"container mt-12\">\n<div class=\"container-fluid p-4 bg-light text-left\">\n<p style=\"text-align: justify;\"><span style=\"font-size: 12pt; color: #000000;\">Esta unidad municipal, sus dependencias y funciones, se ajustan a lo establecido por el Reglamento N\u00b05 \u00abSobre Estructura, Funciones Coordinaci\u00f3n y manual de descripci\u00f3n de cargos y funciones, en relaci\u00f3n a la ley 20.922 Interna de la Ilustre Municipalidad De Ovalle\u00bb, actualizado a diciembre de 2019.<\/span><\/p>\n<p><button class=\"btn btn-primary\" type=\"button\" data-bs-toggle=\"modal\" data-bs-target=\"#myModal\">Ver Detalles aqu\u00ed<\/button><\/p>\n<\/div>\n<\/div>\n<p><!-- The Modal --><\/p>\n<div id=\"myModal\" class=\"modal\">\n<div class=\"modal-dialog modal-lg\">\n<div class=\"modal-content\"><!-- Modal Header --><\/p>\n<div class=\"modal-header\">\n<h4 class=\"modal-title\">Departamento de Educaci\u00f3n<\/h4>\n<\/div>\n<p><!-- Modal body --><\/p>\n<div class=\"modal-body\">\n<h5><span style=\"color: #000000;\">Funciones<\/span><\/h5>\n<p style=\"text-align: justify;\"><span style=\"font-size: 10pt; color: #000000;\">Articulo 93\u00b0. EI Departamento de Educaci\u00f3n Municipal tiene como objetivo ofrecer el servicio educativo municipal en <\/span><span style=\"font-size: 10pt; color: #000000;\">forma continua y racional de acuerdo a las normas vigentes, procurando permanentemente establecer las condiciones <\/span><span style=\"font-size: 10pt; color: #000000;\">para mejorar la calidad de la educaci\u00f3n que se imparte en las unidades educativas que est\u00e1n bajo su jurisdicci\u00f3n y<\/span><br \/>\n<span style=\"font-size: 10pt; color: #000000;\">administrar los recursos humanos, materiales y financieros de tales servicios, enmarcado en el Plan de Desarrollo <\/span><span style=\"font-size: 10pt; color: #000000;\">Comunal, misi6n Municipal y planificaci6n estrat\u00e9gica.<\/span><\/p>\n<p><span style=\"font-size: 10pt; color: #000000;\">Articulo 94\u00b0. EI Departamento de Educaci\u00f3n Municipal, debe cumplir con las siguientes funciones:<\/span><\/p>\n<p style=\"text-align: justify;\"><span style=\"font-size: 10pt; color: #000000;\">1. Elaborar el Plan Anual de Desarrollo de la Educaci6n Municipal (PADEM), en base a planes y programas<\/span><br \/>\n<span style=\"font-size: 10pt; color: #000000;\">impartidos por el Ministerio de Educaci6n en coordinaci\u00f3n con el Director de Desarrollo Comunitario.<\/span><\/p>\n<p style=\"text-align: justify;\"><span style=\"font-size: 10pt; color: #000000;\">2. Elaborar y proponer anualmente la dotaci\u00f3n docente y administrar a los profesores que atienden al alumnado<\/span><br \/>\n<span style=\"font-size: 10pt; color: #000000;\">de los establecimientos educacionales de su jurisdicci6n, de acuerdo a la legislaci6n vigente.<\/span><\/p>\n<p style=\"text-align: justify;\"><span style=\"font-size: 10pt; color: #000000;\">3. Sugerir la contrataci6n y administrar al personal directivo, administrativo, asistentes de educaci\u00f3n y otros <\/span><span style=\"font-size: 10pt; color: #000000;\">profesionales que sean necesarios para la eficiente administraci6n de las unidades educativas de la jurisdicci\u00f3n <\/span><span style=\"font-size: 10pt; color: #000000;\">comunal, en concordancia con la Ley N\u00b019.070, Estatuto Docente y C\u00f3digo del Trabajo, seg\u00fan corresponda.<\/span><\/p>\n<p style=\"text-align: justify;\"><span style=\"font-size: 10pt; color: #000000;\">4. Procurar el mejoramiento de la infraestructura escolar y establecer normas para su mantenimiento y su uso <\/span><span style=\"font-size: 10pt; color: #000000;\">para fines educativos.<\/span><\/p>\n<p style=\"text-align: justify;\"><span style=\"font-size: 10pt; color: #000000;\">5. Cumplir con las normas de Ordenanza General de Construcciones y con las especificaciones t\u00e9cnicas del <\/span><span style=\"font-size: 10pt; color: #000000;\">Ministerio de Educaci\u00f3n en lo que se refiere a locales escolares.<\/span><\/p>\n<p style=\"text-align: justify;\"><span style=\"font-size: 10pt; color: #000000;\">6, Procurar la entrega de mobiliario y del material did\u00e1ctico necesario y adecuado para contribuir a mejorar la <\/span><span style=\"font-size: 10pt; color: #000000;\">calidad del proceso educativo considerando las orientaciones t\u00e9cnicas del Ministerio de Educaci\u00f3n.<\/span><\/p>\n<p style=\"text-align: justify;\"><span style=\"font-size: 10pt; color: #000000;\">7. Estudiar cambios de ubicaci\u00f3n y solicitar autorizaci\u00f3n para el traslado de los establecimientos educacionales<\/span><\/p>\n<\/div>\n<p><!-- Modal footer --><\/p>\n<div class=\"modal-footer\"><button class=\"btn btn-danger\" type=\"button\" data-bs-dismiss=\"modal\">Cerrar<\/button><\/div>\n<\/div>\n<\/div>\n<\/div>\n<p>[\/vc_column_text][vc_column_text]<span style=\"color: #000000;\"><strong>Jefe (a):\u00a0 Sr. Francisco Oshiro Riveros<\/strong><\/span><\/p>\n<p><span style=\"color: #000000;\">(53) 2 661212 \u00b7 Edificio Arizt\u00eda Poniente N\u00b07 &#8211; 3er. Piso.<\/span>[\/vc_column_text][\/vc_column][\/vc_row]<\/p>\n","protected":false},"excerpt":{"rendered":"<p>[vc_row][vc_column width=\u00bb1\/4&#8243;][vc_widget_sidebar title=\u00bbDepartamentos\u00bb sidebar_id=\u00bbdepartment-sidebar\u00bb][\/vc_column][vc_column width=\u00bb3\/4&#8243;][vc_column_text] Departamento de Educaci\u00f3n Esta unidad municipal, sus dependencias y funciones, se ajustan a lo establecido por el Reglamento N\u00b05 \u00abSobre Estructura, Funciones Coordinaci\u00f3n y manual de descripci\u00f3n de cargos y funciones, en relaci\u00f3n a la ley 20.922 Interna de la Ilustre Municipalidad De Ovalle\u00bb, actualizado a diciembre de 2019. Ver Detalles aqu\u00ed Departamento de Educaci\u00f3n Funciones Articulo 93\u00b0. EI Departamento de Educaci\u00f3n Municipal tiene como objetivo ofrecer el servicio educativo municipal en forma continua y racional de acuerdo a las normas vigentes, procurando permanentemente establecer las condiciones para mejorar la calidad de la educaci\u00f3n que se imparte en las unidades educativas que est\u00e1n bajo su jurisdicci\u00f3n y administrar los recursos humanos, materiales y financieros de tales servicios, enmarcado en el Plan de Desarrollo Comunal, misi6n Municipal y planificaci6n estrat\u00e9gica. Articulo 94\u00b0. EI Departamento de Educaci\u00f3n Municipal, debe cumplir con las siguientes funciones: 1. Elaborar el Plan Anual de Desarrollo de la Educaci6n Municipal (PADEM), en base a planes y programas impartidos por el Ministerio de Educaci6n en coordinaci\u00f3n con el Director de Desarrollo Comunitario. 2. Elaborar y proponer anualmente la dotaci\u00f3n docente y administrar a los profesores que atienden al alumnado de los establecimientos educacionales de su jurisdicci6n, de acuerdo a la legislaci6n vigente. 3. Sugerir la contrataci6n y administrar al personal directivo, administrativo, asistentes de educaci\u00f3n y otros profesionales que sean necesarios para la eficiente administraci6n de las unidades educativas de la jurisdicci\u00f3n comunal, en concordancia con la Ley N\u00b019.070, Estatuto Docente y C\u00f3digo del Trabajo, seg\u00fan corresponda. 4. Procurar el mejoramiento de la infraestructura escolar y establecer normas para su mantenimiento y su uso para fines educativos. 5. Cumplir con las normas de Ordenanza General de Construcciones y con las especificaciones t\u00e9cnicas del Ministerio de Educaci\u00f3n en lo que se refiere a locales escolares. 6, Procurar la entrega de mobiliario y del material did\u00e1ctico necesario y adecuado para contribuir a mejorar la calidad del proceso educativo considerando las orientaciones t\u00e9cnicas del Ministerio de Educaci\u00f3n. 7. Estudiar cambios de ubicaci\u00f3n y solicitar autorizaci\u00f3n para el traslado de los establecimientos educacionales Cerrar [\/vc_column_text][vc_column_text]Jefe (a):\u00a0 Sr. Francisco Oshiro Riveros (53) 2 661212 \u00b7 Edificio Arizt\u00eda Poniente N\u00b07 &#8211; 3er. Piso.[\/vc_column_text][\/vc_column][\/vc_row]<\/p>\n","protected":false},"author":1,"featured_media":0,"parent":0,"menu_order":0,"comment_status":"closed","ping_status":"closed","template":"","meta":{"_vp_format_video_url":"","_vp_image_focal_point":[],"footnotes":""},"class_list":["post-2006","page","type-page","status-publish","hentry"],"_links":{"self":[{"href":"https:\/\/muniovalle.cl\/sitio\/wp-json\/wp\/v2\/pages\/2006","targetHints":{"allow":["GET"]}}],"collection":[{"href":"https:\/\/muniovalle.cl\/sitio\/wp-json\/wp\/v2\/pages"}],"about":[{"href":"https:\/\/muniovalle.cl\/sitio\/wp-json\/wp\/v2\/types\/page"}],"author":[{"embeddable":true,"href":"https:\/\/muniovalle.cl\/sitio\/wp-json\/wp\/v2\/users\/1"}],"replies":[{"embeddable":true,"href":"https:\/\/muniovalle.cl\/sitio\/wp-json\/wp\/v2\/comments?post=2006"}],"version-history":[{"count":6,"href":"https:\/\/muniovalle.cl\/sitio\/wp-json\/wp\/v2\/pages\/2006\/revisions"}],"predecessor-version":[{"id":8759,"href":"https:\/\/muniovalle.cl\/sitio\/wp-json\/wp\/v2\/pages\/2006\/revisions\/8759"}],"wp:attachment":[{"href":"https:\/\/muniovalle.cl\/sitio\/wp-json\/wp\/v2\/media?parent=2006"}],"curies":[{"name":"wp","href":"https:\/\/api.w.org\/{rel}","templated":true}]}}