{"id":1935,"date":"2024-05-13T15:26:59","date_gmt":"2024-05-13T19:26:59","guid":{"rendered":"https:\/\/muniovalle.cl\/sitio\/?page_id=1935"},"modified":"2025-02-23T23:20:16","modified_gmt":"2025-02-24T02:20:16","slug":"alcaldia","status":"publish","type":"page","link":"https:\/\/muniovalle.cl\/sitio\/alcaldia\/","title":{"rendered":"Alcald\u00eda"},"content":{"rendered":"\t\t<div data-elementor-type=\"wp-page\" data-elementor-id=\"1935\" class=\"elementor elementor-1935\">\n\t\t\t\t<div class=\"elementor-element elementor-element-10789bcf e-flex e-con-boxed wpr-particle-no wpr-jarallax-no wpr-parallax-no wpr-sticky-section-no e-con e-parent\" data-id=\"10789bcf\" data-element_type=\"container\">\n\t\t\t\t\t<div class=\"e-con-inner\">\n\t\t\t\t<div class=\"elementor-element elementor-element-54f1c02f elementor-widget elementor-widget-text-editor\" data-id=\"54f1c02f\" data-element_type=\"widget\" data-widget_type=\"text-editor.default\">\n\t\t\t\t<div class=\"elementor-widget-container\">\n\t\t\t\t\t\t\t\t\t[vc_row][vc_column width=\u00bb1\/4&#8243;][vc_widget_sidebar sidebar_id=\u00bbdepartment-sidebar\u00bb][\/vc_column][vc_column width=\u00bb3\/4&#8243;][vc_column_text]\n<h3>Gabinete de Alcald\u00eda<\/h3>\n<script src=\"https:\/\/cdn.jsdelivr.net\/npm\/bootstrap@5.3.3\/dist\/js\/bootstrap.bundle.min.js\"><\/script>\n<div class=\"container mt-12\">\n<div class=\"container-fluid p-4 bg-light text-left\">\n<p style=\"text-align: justify;\"><span style=\"font-size: 12pt; color: #000000;\">Esta unidad municipal, sus dependencias y funciones, se ajustan a lo establecido por el Reglamento N\u00b05 \u00abSobre Estructura, Funciones Coordinaci\u00f3n y manual de descripci\u00f3n de cargos y funciones, en relaci\u00f3n a la ley 20.922 Interna de la Ilustre Municipalidad De Ovalle\u00bb, actualizado a diciembre de 2019.<\/span><\/p>\n<button class=\"btn btn-success\" type=\"button\" data-bs-toggle=\"modal\" data-bs-target=\"#myModal\">Ver Detalles aqu\u00ed<\/button>\n\n<\/div>\n<\/div>\n<!-- The Modal -->\n<div id=\"myModal\" class=\"modal\">\n<div class=\"modal-dialog modal-lg\">\n<div class=\"modal-content\">\n\n<!-- Modal Header -->\n<div class=\"modal-header\">\n<h4 class=\"modal-title\">Gabinete de Alcald\u00eda<\/h4>\n<\/div>\n<!-- Modal body -->\n<div class=\"modal-body\">\n<h5><span style=\"color: #000000;\">Funciones<\/span><\/h5>\n<p style=\"text-align: justify;\"><span style=\"font-size: 10pt; color: #000000;\">Articulo 11 a. EI Gabinete de Alcald\u00eda y Relaciones P\u00fablicas tendr\u00e1 como objetivo apoyar el desarrollo de las actividades<\/span>\n<span style=\"font-size: 10pt; color: #000000;\">administrativas que se deriva del funcionamiento de la gesti6n diaria que desarrolla el Alcalde en su vinculaci6n con la<\/span>\n<span style=\"font-size: 10pt; color: #000000;\">comunidad y de ejecutar todas aquellas actividades protocolares del municipio en su conjunto, y producir los eventos o<\/span>\n<span style=\"font-size: 10pt; color: #000000;\">actividades municipales.<\/span><\/p>\n<p style=\"text-align: justify;\"><span style=\"font-size: 10pt; color: #000000;\">Articulo 12\u00b0. EI Gabinete de Alcald\u00eda y Relaciones P\u00fablicas, debe cumplir con las siguientes funciones:<\/span><\/p>\n<p style=\"text-align: justify;\"><span style=\"font-size: 10pt; color: #000000;\">1. Colaborar en la atenci\u00f3n de situaciones que requieran el pronunciamiento o atenci\u00f3n directa del Alcalde.<\/span><\/p>\n<p style=\"text-align: justify;\"><span style=\"font-size: 10pt; color: #000000;\">2. Programar y coordinar las actividades administrativas y protocolares del Alcalde.<\/span><\/p>\n<p style=\"text-align: justify;\"><span style=\"font-size: 10pt; color: #000000;\">3. Supervisar el desarrollo de las actividades administrativas de apoyo directo al Alcalde.<\/span><\/p>\n<p style=\"text-align: justify;\"><span style=\"font-size: 10pt; color: #000000;\">4. Elaborar y proponer mecanismos que permitan recoger las inquietudes e intereses de la comunidad para<\/span>\n<span style=\"font-size: 10pt; color: #000000;\">asegurar la respuesta de la Municipalidad ante las situaciones y necesidades emergentes.<\/span><\/p>\n<p style=\"text-align: justify;\"><span style=\"font-size: 10pt; color: #000000;\">5. Programar y supervisar los actos p\u00fablicos y eventos comunales.<\/span><\/p>\n<p style=\"text-align: justify;\"><span style=\"font-size: 10pt; color: #000000;\">6. Elaborar el calendario y la agenda de las actividades diarias, eventos especiales, organizaci\u00f3n de ceremonias.<\/span><\/p>\n\n<\/div>\n<!-- Modal footer -->\n<div class=\"modal-footer\"><button class=\"btn btn-danger\" type=\"button\" data-bs-dismiss=\"modal\">Cerrar<\/button><\/div>\n<\/div>\n<\/div>\n<\/div>\n[\/vc_column_text][vc_column_text]<span style=\"color: #000000;\"><strong>Jefe(a) de Gabinete:\u00a0 Srta P\u00eda L\u00f3pez\n<\/strong><\/span>\n\n<span style=\"color: #000000;\">(53) 2 661103 \u00b7 Edificio Arizt\u00eda Poniente N\u00b07 &#8211; 1er. Piso.<\/span>[\/vc_column_text][\/vc_column][\/vc_row]\t\t\t\t\t\t\t\t<\/div>\n\t\t\t\t<\/div>\n\t\t\t\t\t<\/div>\n\t\t\t\t<\/div>\n\t\t\t\t<\/div>\n\t\t","protected":false},"excerpt":{"rendered":"<p>[vc_row][vc_column width=\u00bb1\/4&#8243;][vc_widget_sidebar sidebar_id=\u00bbdepartment-sidebar\u00bb][\/vc_column][vc_column width=\u00bb3\/4&#8243;][vc_column_text] Gabinete de Alcald\u00eda Esta unidad municipal, sus dependencias y funciones, se ajustan a lo establecido por el Reglamento N\u00b05 \u00abSobre Estructura, Funciones Coordinaci\u00f3n y manual de descripci\u00f3n de cargos y funciones, en relaci\u00f3n a la ley 20.922 Interna de la Ilustre Municipalidad De Ovalle\u00bb, actualizado a diciembre de 2019. Ver Detalles aqu\u00ed Gabinete de Alcald\u00eda Funciones Articulo 11 a. EI Gabinete de Alcald\u00eda y Relaciones P\u00fablicas tendr\u00e1 como objetivo apoyar el desarrollo de las actividades administrativas que se deriva del funcionamiento de la gesti6n diaria que desarrolla el Alcalde en su vinculaci6n con la comunidad y de ejecutar todas aquellas actividades protocolares del municipio en su conjunto, y producir los eventos o actividades municipales. Articulo 12\u00b0. EI Gabinete de Alcald\u00eda y Relaciones P\u00fablicas, debe cumplir con las siguientes funciones: 1. Colaborar en la atenci\u00f3n de situaciones que requieran el pronunciamiento o atenci\u00f3n directa del Alcalde. 2. Programar y coordinar las actividades administrativas y protocolares del Alcalde. 3. Supervisar el desarrollo de las actividades administrativas de apoyo directo al Alcalde. 4. Elaborar y proponer mecanismos que permitan recoger las inquietudes e intereses de la comunidad para asegurar la respuesta de la Municipalidad ante las situaciones y necesidades emergentes. 5. Programar y supervisar los actos p\u00fablicos y eventos comunales. 6. Elaborar el calendario y la agenda de las actividades diarias, eventos especiales, organizaci\u00f3n de ceremonias. Cerrar [\/vc_column_text][vc_column_text]Jefe(a) de Gabinete:\u00a0 Srta P\u00eda L\u00f3pez (53) 2 661103 \u00b7 Edificio Arizt\u00eda Poniente N\u00b07 &#8211; 1er. Piso.[\/vc_column_text][\/vc_column][\/vc_row]<\/p>\n","protected":false},"author":1,"featured_media":0,"parent":0,"menu_order":0,"comment_status":"closed","ping_status":"closed","template":"","meta":{"_vp_format_video_url":"","_vp_image_focal_point":[],"footnotes":""},"class_list":["post-1935","page","type-page","status-publish","hentry"],"_links":{"self":[{"href":"https:\/\/muniovalle.cl\/sitio\/wp-json\/wp\/v2\/pages\/1935","targetHints":{"allow":["GET"]}}],"collection":[{"href":"https:\/\/muniovalle.cl\/sitio\/wp-json\/wp\/v2\/pages"}],"about":[{"href":"https:\/\/muniovalle.cl\/sitio\/wp-json\/wp\/v2\/types\/page"}],"author":[{"embeddable":true,"href":"https:\/\/muniovalle.cl\/sitio\/wp-json\/wp\/v2\/users\/1"}],"replies":[{"embeddable":true,"href":"https:\/\/muniovalle.cl\/sitio\/wp-json\/wp\/v2\/comments?post=1935"}],"version-history":[{"count":30,"href":"https:\/\/muniovalle.cl\/sitio\/wp-json\/wp\/v2\/pages\/1935\/revisions"}],"predecessor-version":[{"id":9369,"href":"https:\/\/muniovalle.cl\/sitio\/wp-json\/wp\/v2\/pages\/1935\/revisions\/9369"}],"wp:attachment":[{"href":"https:\/\/muniovalle.cl\/sitio\/wp-json\/wp\/v2\/media?parent=1935"}],"curies":[{"name":"wp","href":"https:\/\/api.w.org\/{rel}","templated":true}]}}